of 14294553?
3, 7, 13, 52361
List the prime factors of 12582174.
2, 3, 11, 190639
What are the prime factors of 5218292?
2, 31, 42083
What are the prime factors of 176631?
3, 7, 13, 647
List the prime factors of 11135595.
3, 5, 17, 43669
List the prime factors of 10207066.
2, 19, 268607
What are the prime factors of 1434477?
3, 11, 17, 2557
List the prime factors of 369375.
3, 5, 197
List the prime factors of 789415.
5, 11, 31, 463
List the prime factors of 516793.
516793
What are the prime factors of 593918?
2, 13, 53, 431
What are the prime factors of 4052179?
59, 173, 397
List the prime factors of 358816.
2, 11213
List the prime factors of 158497.
353, 449
What are the prime factors of 137231?
109, 1259
List the prime factors of 105286.
2, 61, 863
List the prime factors of 146676.
2, 3, 17, 719
List the prime factors of 1393581.
3, 7, 66361
List the prime factors of 202439.
97, 2087
List the prime factors of 1081997.
7, 154571
List the prime factors of 2600933.
47, 55339
What are the prime factors of 12910?
2, 5, 1291
What are the prime factors of 20676909?
3, 11, 131, 4783
What are the prime factors of 3472095?
3, 5, 11, 1913
List the prime factors of 1656489.
3, 43, 12841
List the prime factors of 10205653.
373, 27361
List the prime factors of 34739831.
7, 4962833
What are the prime factors of 1051917?
3, 29, 107, 113
List the prime factors of 11281685.
5, 59, 167, 229
What are the prime factors of 224571?
3, 74857
What are the prime factors of 666809?
11, 13, 4663
What are the prime factors of 848826?
2, 3, 11, 1429
List the prime factors of 11592546.
2, 3, 7, 19, 73, 199
What are the prime factors of 608166?
2, 3, 13, 23, 113
What are the prime factors of 127783?
53, 2411
List the prime factors of 927652.
2, 11, 29, 727
List the prime factors of 2575278.
2, 3, 173, 827
What are the prime factors of 91434?
2, 3, 7, 311
List the prime factors of 167058.
2, 3, 9281
List the prime factors of 37807451.
11, 37, 92893
What are the prime factors of 3356245?
5, 671249
What are the prime factors of 1134454?
2, 193, 2939
What are the prime factors of 869430?
2, 3, 5, 73, 397
List the prime factors of 251915.
5, 50383
List the prime factors of 1157446.
2, 557, 1039
List the prime factors of 426547.
11, 17, 2281
List the prime factors of 1864293.
3, 621431
List the prime factors of 107375.
5, 859
List the prime factors of 9309202.
2, 7, 19, 79, 443
List the prime factors of 19423844.
2, 11, 281, 1571
What are the prime factors of 1049214?
2, 3, 23, 7603
What are the prime factors of 1110411?
3, 123379
List the prime factors of 3919413.
3, 71, 18401
What are the prime factors of 495596?
2, 19, 6521
What are the prime factors of 243645?
3, 5, 37, 439
What are the prime factors of 246921?
3, 82307
What are the prime factors of 130698?
2, 3, 53, 137
List the prime factors of 32525.
5, 1301
What are the prime factors of 4813068?
2, 3, 13, 30853
List the prime factors of 2088544.
2, 65267
What are the prime factors of 3219618?
2, 3, 67, 8009
List the prime factors of 7240486.
2, 11, 397, 829
What are the prime factors of 20540746?
2, 1151, 8923
What are the prime factors of 175955?
5, 13, 2707
List the prime factors of 5818427.
19, 373, 821
List the prime factors of 21926275.
5, 7, 2557
List the prime factors of 331397.
11, 47, 641
What are the prime factors of 1041876?
2, 3, 11, 877
List the prime factors of 2713272.
2, 3, 131, 863
What are the prime factors of 310588?
2, 77647
What are the prime factors of 236182?
2, 269, 439
What are the prime factors of 4593215?
5, 11, 23, 3631
List the prime factors of 11112319.
11112319
List the prime factors of 628004.
2, 13, 929
List the prime factors of 495984.
2, 3, 10333
List the prime factors of 18820057.
73, 103, 2503
What are the prime factors of 801760?
2, 5, 5011
What are the prime factors of 862342?
2, 13, 17, 1951
What are the prime factors of 218033?
47, 4639
What are the prime factors of 352150?
2, 5, 7043
What are the prime factors of 4914512?
2, 181, 1697
List the prime factors of 212132.
2, 181, 293
List the prime factors of 224549.
13, 23, 751
List the prime factors of 1344188.
2, 109, 3083
List the prime factors of 15906280.
2, 5, 13, 181
What are the prime factors of 1114377?
3, 11, 33769
List the prime factors of 16738748.
2, 13, 373, 863
List the prime factors of 568322.
2, 284161
List the prime factors of 686640.
2, 3, 5, 2861
List the prime factors of 768883.
43, 17881
What are the prime factors of 136816?
2, 17, 503
What are the prime factors of 15170704?
2, 948169
What are the prime factors of 8059871?
617, 13063
List the prime factors of 647542.
2, 7, 23, 2011
List the prime factors of 181044.
2, 3, 47, 107
What are the prime factors of 591652?
2, 23, 59, 109
What are the prime factors of 1089191?
1089191
List the prime factors of 13716046.
2, 149, 46027
What are the prime factors of 9643607?
17, 353, 1607
What are the prime factors of 6766164?
2, 3, 29, 6481
List the prime factors of 853705.
5, 170741
List the prime factors of 269026.
2, 134513
What are the prime factors of 446473?
446473
What are the prime factors of 31779947?
163, 241, 809
List the prime factors of 484213.
29, 59, 283
What are the prime factors of 2989099?
19, 157321
List the prime factors of 602282.
2, 301141
What are the prime factors of 286265?
5, 7, 8179
List the prime factors of 139462.
2, 103, 677
What are the prime factors of 585668?
2, 146417
What are the prime factors of 436792?
2, 71, 769
List the prime factors of 5509532.
2, 7, 196769
What are the prime factors of 1582244?
2, 19, 109, 191
What are the prime factors of 29160861?
3, 137, 70951
What are the prime factors of 151971?
3, 179, 283
List the prime factors of 475631.
13, 36587
List the prime factors of 523815.
3, 5, 47, 743
What are the prime factors of 431909?
521, 829
What are the prime factors of 478027?
11, 43457
List the prime factors of 19596981.
3, 6532327
What are the prime factors of 270098?
2, 135049
What are the prime factors of 287336?
2, 7, 733
List the prime factors of 2801247.
3, 47, 19867
What are the prime factors of 860739?
3, 11, 26083
What are the prime factors of 508218?
2, 3, 71, 1193
What are the prime factors of 638267?
7, 19, 4799
List the prime factors of 21114106.
2, 13, 812081
What are the prime factors of 222460?
2, 5, 7, 227
What are the prime factors of 2979373?
29, 71, 1447
What are the prime factors of 586615?
5, 23, 5101
List the prime factors of 50988.
2, 3, 7, 607
List the prime factors of 3625696.
2, 29, 3907
List the prime factors of 467414.
2, 103, 2269
What are the prime factors of 368526?
2, 3, 17, 3613
List the prime factors of 4364286.
2, 3, 41, 113, 157
List the prime factors of 661919.
631, 1049
What are the prime factors of 16702659?
3, 127, 4871
What are the prime factors of 13220704?
2, 7, 59021
List the prime factors of 2280765.
3, 5, 383, 397
List the prime factors of 178395.
3, 5, 7, 1699
List the prime factors of 936116.
2, 234029
List the prime factors of 2996046.
2, 3, 17, 9791
List the prime factors of 3111643.
131, 23753
What are the prime factors of 11926?
2, 67, 89
List the prime factors of 545948.
2, 13, 10499
List the prime factors of 5520765.
3, 5, 193, 1907
List the prime factors of 781488.
2, 3, 67
What are the prime factors of 722803?
269, 2687
List the prime factors of 194076.
2, 3, 599
What are the prime factors of 895174?
2, 7, 43, 1487
What are the prime factors of 3062913?
3, 7, 157, 929
What are the prime factors of 643251?
3, 7, 30631
List the prime factors of 898505.
5, 71, 2531
What are the prime factors of 5547439?
23, 29, 8317
List the prime factors of 421446.
2, 3, 70241
What are the prime factors of 1076757?
3, 11, 67, 487
What are the prime factors of 415552?
2, 43, 151
List the prime factors of 356985.
3, 5, 7933
List the prime factors of 252760.
2, 5, 71, 89
What are the prime factors of 1729380?
2, 3, 5, 19, 37, 41
What are the prime factors of 73761?
3, 23, 1069
List the prime factors of 1337002.
2, 167, 4003
What are the prime factors of 1069553?
1069553
What are the prime factors of 155742?
2, 3, 101, 257
What are the prime factors of 2016253?
47, 42899
What are the prime factors of 21655322?
2, 13, 79, 811
List the prime factors of 5012902.
2, 163, 15377
List the 